{"id":131,"date":"2025-09-03T11:22:51","date_gmt":"2025-09-03T11:22:51","guid":{"rendered":"https:\/\/next26673.elev.nextkbh.dk\/?page_id=131"},"modified":"2025-09-03T11:27:25","modified_gmt":"2025-09-03T11:27:25","slug":"psd","status":"publish","type":"page","link":"https:\/\/next26673.elev.nextkbh.dk\/?page_id=131","title":{"rendered":"PSD"},"content":{"rendered":"\n<h2 class=\"wp-block-heading\">ROSKILDE ZOO<\/h2>\n\n\n\n<h3 class=\"wp-block-heading\">Billedbehandling<\/h3>\n\n\n\n<figure class=\"wp-block-image size-full\"><img loading=\"lazy\" decoding=\"async\" width=\"2560\" height=\"1696\" src=\"https:\/\/next26673.elev.nextkbh.dk\/wp-content\/uploads\/2025\/09\/froe_forside-scaled.png\" alt=\"\" class=\"wp-image-56\" srcset=\"https:\/\/next26673.elev.nextkbh.dk\/wp-content\/uploads\/2025\/09\/froe_forside-scaled.png 2560w, https:\/\/next26673.elev.nextkbh.dk\/wp-content\/uploads\/2025\/09\/froe_forside-300x199.png 300w\" sizes=\"auto, (max-width: 2560px) 100vw, 2560px\" \/><\/figure>\n\n\n\n<p><strong>Fr\u00f8en p\u00e5 forsiden:<\/strong><br>Jeg gjorde hele billedet sort\/hvid, men lod fr\u00f8ens \u00f8je forblive i farve. Derefter justerede jeg \u00f8jets r\u00f8dlige tone og fremh\u00e6vede detaljerne, s\u00e5 det fik en tydelig kontrast og blev blikfang p\u00e5 forsiden.<\/p>\n\n\n\n<figure class=\"wp-block-image size-large\"><img loading=\"lazy\" decoding=\"async\" width=\"1024\" height=\"678\" src=\"https:\/\/next26673.elev.nextkbh.dk\/wp-content\/uploads\/2025\/09\/slangehoved-1024x678.png\" alt=\"\" class=\"wp-image-133\" srcset=\"https:\/\/next26673.elev.nextkbh.dk\/wp-content\/uploads\/2025\/09\/slangehoved-1024x678.png 1024w, https:\/\/next26673.elev.nextkbh.dk\/wp-content\/uploads\/2025\/09\/slangehoved-300x199.png 300w, https:\/\/next26673.elev.nextkbh.dk\/wp-content\/uploads\/2025\/09\/slangehoved-768x509.png 768w, https:\/\/next26673.elev.nextkbh.dk\/wp-content\/uploads\/2025\/09\/slangehoved-1536x1017.png 1536w, https:\/\/next26673.elev.nextkbh.dk\/wp-content\/uploads\/2025\/09\/slangehoved-2048x1356.png 2048w\" sizes=\"auto, (max-width: 1024px) 100vw, 1024px\" \/><\/figure>\n\n\n\n<p><br><strong>Slangehovedet:<\/strong><br>Jeg frilagde slangen ved hj\u00e6lp af markeringsv\u00e6rkt\u00f8jer og lagmasker. For at f\u00e5 et rent og professionelt resultat udj\u00e6vnede jeg kanterne og tilpassede billedet, s\u00e5 det passede ind i layoutet.<br>Til sidst gemte jeg begge billeder i CMYK og i den rette opl\u00f8sning, s\u00e5 de var klar til tryk.<\/p>\n\n\n\n<p><\/p>\n","protected":false},"excerpt":{"rendered":"<p>ROSKILDE ZOO Billedbehandling Fr\u00f8en p\u00e5 forsiden:Jeg gjorde hele billedet sort\/hvid, men lod fr\u00f8ens \u00f8je forblive i farve. Derefter justerede jeg \u00f8jets r\u00f8dlige tone og fremh\u00e6vede detaljerne, s\u00e5 det fik en tydelig kontrast og blev blikfang p\u00e5 forsiden. Slangehovedet:Jeg frilagde slangen ved hj\u00e6lp af markeringsv\u00e6rkt\u00f8jer og lagmasker. For at f\u00e5 et rent og professionelt resultat udj\u00e6vnede [&hellip;]<\/p>\n","protected":false},"author":1,"featured_media":0,"parent":44,"menu_order":0,"comment_status":"closed","ping_status":"closed","template":"","meta":{"footnotes":""},"class_list":["post-131","page","type-page","status-publish","hentry"],"_links":{"self":[{"href":"https:\/\/next26673.elev.nextkbh.dk\/index.php?rest_route=\/wp\/v2\/pages\/131","targetHints":{"allow":["GET"]}}],"collection":[{"href":"https:\/\/next26673.elev.nextkbh.dk\/index.php?rest_route=\/wp\/v2\/pages"}],"about":[{"href":"https:\/\/next26673.elev.nextkbh.dk\/index.php?rest_route=\/wp\/v2\/types\/page"}],"author":[{"embeddable":true,"href":"https:\/\/next26673.elev.nextkbh.dk\/index.php?rest_route=\/wp\/v2\/users\/1"}],"replies":[{"embeddable":true,"href":"https:\/\/next26673.elev.nextkbh.dk\/index.php?rest_route=%2Fwp%2Fv2%2Fcomments&post=131"}],"version-history":[{"count":1,"href":"https:\/\/next26673.elev.nextkbh.dk\/index.php?rest_route=\/wp\/v2\/pages\/131\/revisions"}],"predecessor-version":[{"id":134,"href":"https:\/\/next26673.elev.nextkbh.dk\/index.php?rest_route=\/wp\/v2\/pages\/131\/revisions\/134"}],"up":[{"embeddable":true,"href":"https:\/\/next26673.elev.nextkbh.dk\/index.php?rest_route=\/wp\/v2\/pages\/44"}],"wp:attachment":[{"href":"https:\/\/next26673.elev.nextkbh.dk\/index.php?rest_route=%2Fwp%2Fv2%2Fmedia&parent=131"}],"curies":[{"name":"wp","href":"https:\/\/api.w.org\/{rel}","templated":true}]}}