{"id":105,"date":"2025-09-03T10:12:26","date_gmt":"2025-09-03T10:12:26","guid":{"rendered":"https:\/\/next26673.elev.nextkbh.dk\/?page_id=105"},"modified":"2025-09-03T10:46:11","modified_gmt":"2025-09-03T10:46:11","slug":"om-mig","status":"publish","type":"page","link":"https:\/\/next26673.elev.nextkbh.dk\/?page_id=105","title":{"rendered":"OM MIG"},"content":{"rendered":"\n<p>Mit navn er <strong>Pernille Sivert Jaques<\/strong>, jeg er 24 \u00e5r og arbejder hos eventbureauet <strong>OnDisplay<\/strong>. Her besk\u00e6ftiger jeg mig prim\u00e6rt med <strong>trykte opgaver og POS-materiale<\/strong> til store events, men jeg kan ogs\u00e5 varetage <strong>digitale videoproduktioner<\/strong>, n\u00e5r der er behov for det. Jeg trives i krydsfeltet mellem det kreative og det tekniske og nyder at udvikle l\u00f8sninger, der g\u00f8r events til unikke oplevelser.<\/p>\n\n\n\n<figure class=\"wp-block-image size-large\"><img loading=\"lazy\" decoding=\"async\" width=\"1024\" height=\"576\" src=\"https:\/\/next26673.elev.nextkbh.dk\/wp-content\/uploads\/2025\/09\/mimi-thian-tkFRFunRDbw-unsplash-1024x576.jpg\" alt=\"\" class=\"wp-image-112\" srcset=\"https:\/\/next26673.elev.nextkbh.dk\/wp-content\/uploads\/2025\/09\/mimi-thian-tkFRFunRDbw-unsplash-1024x576.jpg 1024w, https:\/\/next26673.elev.nextkbh.dk\/wp-content\/uploads\/2025\/09\/mimi-thian-tkFRFunRDbw-unsplash-300x169.jpg 300w, https:\/\/next26673.elev.nextkbh.dk\/wp-content\/uploads\/2025\/09\/mimi-thian-tkFRFunRDbw-unsplash-768x432.jpg 768w, https:\/\/next26673.elev.nextkbh.dk\/wp-content\/uploads\/2025\/09\/mimi-thian-tkFRFunRDbw-unsplash-1536x864.jpg 1536w, https:\/\/next26673.elev.nextkbh.dk\/wp-content\/uploads\/2025\/09\/mimi-thian-tkFRFunRDbw-unsplash-2048x1152.jpg 2048w\" sizes=\"auto, (max-width: 1024px) 100vw, 1024px\" \/><\/figure>\n\n\n\n<p>I min fritid dyrker jeg <strong>polefitness<\/strong> i Gentofte, en tr\u00e6ningsform der kr\u00e6ver b\u00e5de styrke, disciplin og kreativitet \u2013 kvaliteter jeg ogs\u00e5 tager med mig ind i mit arbejde. Jeg bor sammen med min kat <strong>Misse<\/strong> og min k\u00e6reste <strong>Lisa<\/strong>, som begge er en stor del af mit liv uden for arbejdet.<\/p>\n\n\n\n<p><\/p>\n","protected":false},"excerpt":{"rendered":"<p>Mit navn er Pernille Sivert Jaques, jeg er 24 \u00e5r og arbejder hos eventbureauet OnDisplay. Her besk\u00e6ftiger jeg mig prim\u00e6rt med trykte opgaver og POS-materiale til store events, men jeg kan ogs\u00e5 varetage digitale videoproduktioner, n\u00e5r der er behov for det. Jeg trives i krydsfeltet mellem det kreative og det tekniske og nyder at udvikle [&hellip;]<\/p>\n","protected":false},"author":1,"featured_media":0,"parent":6,"menu_order":0,"comment_status":"closed","ping_status":"closed","template":"","meta":{"footnotes":""},"class_list":["post-105","page","type-page","status-publish","hentry"],"_links":{"self":[{"href":"https:\/\/next26673.elev.nextkbh.dk\/index.php?rest_route=\/wp\/v2\/pages\/105","targetHints":{"allow":["GET"]}}],"collection":[{"href":"https:\/\/next26673.elev.nextkbh.dk\/index.php?rest_route=\/wp\/v2\/pages"}],"about":[{"href":"https:\/\/next26673.elev.nextkbh.dk\/index.php?rest_route=\/wp\/v2\/types\/page"}],"author":[{"embeddable":true,"href":"https:\/\/next26673.elev.nextkbh.dk\/index.php?rest_route=\/wp\/v2\/users\/1"}],"replies":[{"embeddable":true,"href":"https:\/\/next26673.elev.nextkbh.dk\/index.php?rest_route=%2Fwp%2Fv2%2Fcomments&post=105"}],"version-history":[{"count":3,"href":"https:\/\/next26673.elev.nextkbh.dk\/index.php?rest_route=\/wp\/v2\/pages\/105\/revisions"}],"predecessor-version":[{"id":113,"href":"https:\/\/next26673.elev.nextkbh.dk\/index.php?rest_route=\/wp\/v2\/pages\/105\/revisions\/113"}],"up":[{"embeddable":true,"href":"https:\/\/next26673.elev.nextkbh.dk\/index.php?rest_route=\/wp\/v2\/pages\/6"}],"wp:attachment":[{"href":"https:\/\/next26673.elev.nextkbh.dk\/index.php?rest_route=%2Fwp%2Fv2%2Fmedia&parent=105"}],"curies":[{"name":"wp","href":"https:\/\/api.w.org\/{rel}","templated":true}]}}